{"id":6933,"date":"2022-01-02T13:32:47","date_gmt":"2022-01-02T16:32:47","guid":{"rendered":"https:\/\/elcheverin.com\/lasmargaritas\/pjl\/margarita-del-mar-camaron-mejillon-morron-fileto-y-ajo\/"},"modified":"2025-03-15T02:29:34","modified_gmt":"2025-03-15T05:29:34","slug":"margarita-del-mar-camaron-mejillon-morron-fileto-y-ajo","status":"publish","type":"product","link":"https:\/\/elcheverin.com\/lasmargaritas\/pjl\/margarita-del-mar-camaron-mejillon-morron-fileto-y-ajo\/","title":{"rendered":"Margarita del mar: camar\u00f3n, mejill\u00f3n, morr\u00f3n, fileto y ajo"},"content":{"rendered":"<p><\/p>\n","protected":false},"excerpt":{"rendered":"<p><\/p>\n","protected":false},"featured_media":16035,"template":"","meta":{"neve_meta_sidebar":"","neve_meta_container":"","neve_meta_enable_content_width":"","neve_meta_content_width":0,"neve_meta_title_alignment":"","neve_meta_author_avatar":"","neve_post_elements_order":"","neve_meta_disable_header":"","neve_meta_disable_footer":"","neve_meta_disable_title":""},"product_brand":[],"product_cat":[144],"product_tag":[],"class_list":{"0":"post-6933","1":"product","2":"type-product","3":"status-publish","4":"has-post-thumbnail","6":"product_cat-salsas","8":"first","9":"instock","10":"purchasable","11":"product-type-simple"},"_links":{"self":[{"href":"https:\/\/elcheverin.com\/lasmargaritas\/wp-json\/wp\/v2\/product\/6933","targetHints":{"allow":["GET"]}}],"collection":[{"href":"https:\/\/elcheverin.com\/lasmargaritas\/wp-json\/wp\/v2\/product"}],"about":[{"href":"https:\/\/elcheverin.com\/lasmargaritas\/wp-json\/wp\/v2\/types\/product"}],"version-history":[{"count":1,"href":"https:\/\/elcheverin.com\/lasmargaritas\/wp-json\/wp\/v2\/product\/6933\/revisions"}],"predecessor-version":[{"id":11795,"href":"https:\/\/elcheverin.com\/lasmargaritas\/wp-json\/wp\/v2\/product\/6933\/revisions\/11795"}],"wp:featuredmedia":[{"embeddable":true,"href":"https:\/\/elcheverin.com\/lasmargaritas\/wp-json\/wp\/v2\/media\/16035"}],"wp:attachment":[{"href":"https:\/\/elcheverin.com\/lasmargaritas\/wp-json\/wp\/v2\/media?parent=6933"}],"wp:term":[{"taxonomy":"product_brand","embeddable":true,"href":"https:\/\/elcheverin.com\/lasmargaritas\/wp-json\/wp\/v2\/product_brand?post=6933"},{"taxonomy":"product_cat","embeddable":true,"href":"https:\/\/elcheverin.com\/lasmargaritas\/wp-json\/wp\/v2\/product_cat?post=6933"},{"taxonomy":"product_tag","embeddable":true,"href":"https:\/\/elcheverin.com\/lasmargaritas\/wp-json\/wp\/v2\/product_tag?post=6933"}],"curies":[{"name":"wp","href":"https:\/\/api.w.org\/{rel}","templated":true}]}}