{"id":3097,"date":"2020-11-24T10:11:57","date_gmt":"2020-11-24T13:11:57","guid":{"rendered":"https:\/\/elcheverin.com\/lasmargaritas\/pjl\/creps-de-masa-verde-rellenos-de-ricota-jamon-verdura-y-parmesano-con-salsa-pomodoro-concase\/"},"modified":"2025-12-08T01:13:23","modified_gmt":"2025-12-08T04:13:23","slug":"creps-de-masa-verde-rellenos-de-ricota-jamon-verdura-y-parmesano-con-salsa-pomodoro-concase","status":"archived","type":"product","link":"https:\/\/elcheverin.com\/lasmargaritas\/pjl\/creps-de-masa-verde-rellenos-de-ricota-jamon-verdura-y-parmesano-con-salsa-pomodoro-concase\/","title":{"rendered":"\u00d1oquis caseros con rag\u00fa de cerdo (Salsa de tomate, cebolla, morr\u00f3n, zanahoria y arvejas)"},"content":{"rendered":"<p><\/p>\n","protected":false},"excerpt":{"rendered":"<p>(Tomate en cubos, albahaca y ajo)<\/p>\n","protected":false},"featured_media":19137,"template":"","meta":{"neve_meta_sidebar":"","neve_meta_container":"","neve_meta_enable_content_width":"","neve_meta_content_width":0,"neve_meta_title_alignment":"","neve_meta_author_avatar":"","neve_post_elements_order":"","neve_meta_disable_header":"","neve_meta_disable_footer":"","neve_meta_disable_title":""},"product_brand":[],"product_cat":[149],"product_tag":[],"class_list":{"0":"post-3097","1":"product","2":"type-product","3":"status-archived","4":"has-post-thumbnail","6":"product_cat-plato-del-dia","8":"first","9":"instock","10":"shipping-taxable","11":"product-type-simple"},"_links":{"self":[{"href":"https:\/\/elcheverin.com\/lasmargaritas\/wp-json\/wp\/v2\/product\/3097","targetHints":{"allow":["GET"]}}],"collection":[{"href":"https:\/\/elcheverin.com\/lasmargaritas\/wp-json\/wp\/v2\/product"}],"about":[{"href":"https:\/\/elcheverin.com\/lasmargaritas\/wp-json\/wp\/v2\/types\/product"}],"version-history":[{"count":3,"href":"https:\/\/elcheverin.com\/lasmargaritas\/wp-json\/wp\/v2\/product\/3097\/revisions"}],"predecessor-version":[{"id":19138,"href":"https:\/\/elcheverin.com\/lasmargaritas\/wp-json\/wp\/v2\/product\/3097\/revisions\/19138"}],"wp:featuredmedia":[{"embeddable":true,"href":"https:\/\/elcheverin.com\/lasmargaritas\/wp-json\/wp\/v2\/media\/19137"}],"wp:attachment":[{"href":"https:\/\/elcheverin.com\/lasmargaritas\/wp-json\/wp\/v2\/media?parent=3097"}],"wp:term":[{"taxonomy":"product_brand","embeddable":true,"href":"https:\/\/elcheverin.com\/lasmargaritas\/wp-json\/wp\/v2\/product_brand?post=3097"},{"taxonomy":"product_cat","embeddable":true,"href":"https:\/\/elcheverin.com\/lasmargaritas\/wp-json\/wp\/v2\/product_cat?post=3097"},{"taxonomy":"product_tag","embeddable":true,"href":"https:\/\/elcheverin.com\/lasmargaritas\/wp-json\/wp\/v2\/product_tag?post=3097"}],"curies":[{"name":"wp","href":"https:\/\/api.w.org\/{rel}","templated":true}]}}